{"id":51652,"date":"2018-03-11T17:34:36","date_gmt":"2018-03-11T16:34:36","guid":{"rendered":"https:\/\/mastersofthecraft.de\/?page_id=51652"},"modified":"2025-05-21T22:20:02","modified_gmt":"2025-05-21T20:20:02","slug":"impressum","status":"publish","type":"page","link":"https:\/\/masterofthecraft.de\/index.php\/landing\/impressum\/","title":{"rendered":"Impressum"},"content":{"rendered":"<section class=\"wpb-content-wrapper\"><p>[vc_row][vc_column][vc_custom_heading text=&#8220;Impressum&#8220; font_container=&#8220;tag:h2|font_size:30|text_align:center|color:%23363940&#8243; google_fonts=&#8220;font_family:Roboto%3A100%2C100italic%2C300%2C300italic%2Cregular%2Citalic%2C500%2C500italic%2C700%2C700italic%2C900%2C900italic|font_style:700%20bold%20regular%3A700%3Anormal&#8220;][vc_text_separator title=&#8220;&#8220; i_icon_fontawesome=&#8220;fa fa-ravelry&#8220; i_color=&#8220;custom&#8220; i_size=&#8220;sm&#8220; color=&#8220;custom&#8220; el_width=&#8220;30&#8243; add_icon=&#8220;true&#8220; i_custom_color=&#8220;rgba(54,57,64,0.3)&#8220; accent_color=&#8220;rgba(54,57,64,0.3)&#8220; css=&#8220;.vc_custom_1520783625320{margin-top: -20px !important;margin-bottom: -5px !important;}&#8220;][vc_custom_heading text=&#8220;Angaben gem\u00e4\u00df Telemediengesetz (TMG)<br \/>\n\u00a75 Allgemeine Informationspflichten&#8220; font_container=&#8220;tag:p|font_size:14|text_align:center|color:%23363940&#8243; google_fonts=&#8220;font_family:Roboto%3A100%2C100italic%2C300%2C300italic%2Cregular%2Citalic%2C500%2C500italic%2C700%2C700italic%2C900%2C900italic|font_style:400%20regular%3A400%3Anormal&#8220;][vc_empty_space height=&#8220;70px&#8220;][vc_column_text]<\/p>\n<h3 class=\"p1\"><span style=\"color: #363940;\">Impressum<\/span><\/h3>\n<p class=\"p3\"><span style=\"color: #363940;\">Kevin Ru\u0308ckher<\/span><\/p>\n<p class=\"p3\"><span style=\"color: #363940;\">Silcherstra\u00dfe 3<\/span><\/p>\n<p class=\"p3\"><span style=\"color: #363940;\">75045 Walzbachtal<\/span><\/p>\n<p>&nbsp;<\/p>\n<h3><span style=\"color: #363940;\">Kontakt:<\/span><\/h3>\n<p class=\"p2\"><span style=\"color: #363940;\">Telefon: Auf Anfrage<\/span><\/p>\n<p class=\"p3\"><span style=\"color: #363940;\">E-Mail: webmasters@kevinrueckher.de<\/span><\/p>\n<p>[\/vc_column_text][vc_custom_heading text=&#8220;Haftungsausschuss&#8220; font_container=&#8220;tag:h2|font_size:30|text_align:center|color:%23363940&#8243; google_fonts=&#8220;font_family:Roboto%3A100%2C100italic%2C300%2C300italic%2Cregular%2Citalic%2C500%2C500italic%2C700%2C700italic%2C900%2C900italic|font_style:700%20bold%20regular%3A700%3Anormal&#8220;][vc_text_separator title=&#8220;&#8220; i_icon_fontawesome=&#8220;fa fa-ravelry&#8220; i_color=&#8220;custom&#8220; i_size=&#8220;sm&#8220; color=&#8220;custom&#8220; el_width=&#8220;30&#8243; add_icon=&#8220;true&#8220; i_custom_color=&#8220;rgba(54,57,64,0.3)&#8220; accent_color=&#8220;rgba(54,57,64,0.3)&#8220; css=&#8220;.vc_custom_1520783625320{margin-top: -20px !important;margin-bottom: -5px !important;}&#8220;][vc_custom_heading text=&#8220;Angaben gem\u00e4\u00df Telemediengesetz (TMG)<br \/>\n\u00a75 Allgemeine Informationspflichten&#8220; font_container=&#8220;tag:p|font_size:14|text_align:center|color:%23363940&#8243; google_fonts=&#8220;font_family:Roboto%3A100%2C100italic%2C300%2C300italic%2Cregular%2Citalic%2C500%2C500italic%2C700%2C700italic%2C900%2C900italic|font_style:400%20regular%3A400%3Anormal&#8220;][vc_empty_space height=&#8220;45px&#8220;][vc_column_text]<\/p>\n<h3 class=\"p2\"><span style=\"color: #363940;\">Haftung fu\u0308r Inhalte<\/span><\/h3>\n<p class=\"p3\"><span style=\"color: #363940;\">Als Diensteanbieter sind wir gem\u00e4\u00df \u00a7 7 Abs.1 TMG fu\u0308r eigene Inhalte auf diesen Seiten nach den<\/span><\/p>\n<p class=\"p3\"><span style=\"color: #363940;\">allgemeinen Gesetzen verantwortlich. Nach \u00a7\u00a7 8 bis 10 TMG sind wir als Diensteanbieter jedoch nicht<\/span><\/p>\n<p class=\"p3\"><span style=\"color: #363940;\">verpflichtet, u\u0308bermittelte oder gespeicherte fremde Informationen zu u\u0308berwachen oder nach Umst\u00e4nden<\/span><\/p>\n<p class=\"p3\"><span style=\"color: #363940;\">zu forschen, die auf eine rechtswidrige T\u00e4tigkeit hinweisen.<\/span><\/p>\n<p class=\"p3\"><span style=\"color: #363940;\">Verpflichtungen zur Entfernung oder Sperrung der Nutzung von Informationen nach den allgemeinen<\/span><\/p>\n<p class=\"p3\"><span style=\"color: #363940;\">Gesetzen bleiben hiervon unberu\u0308hrt. Eine diesbezu\u0308gliche Haftung ist jedoch erst ab dem Zeitpunkt der<\/span><\/p>\n<p class=\"p3\"><span style=\"color: #363940;\">Kenntnis einer konkreten Rechtsverletzung m\u00f6glich. Bei Bekanntwerden von entsprechenden<\/span><\/p>\n<p class=\"p3\"><span style=\"color: #363940;\">Rechtsverletzungen werden wir diese Inhalte umgehend entfernen.<\/span><\/p>\n<p>[\/vc_column_text][vc_separator color=&#8220;custom&#8220; align=&#8220;align_left&#8220; el_width=&#8220;60&#8243; accent_color=&#8220;#363940&#8243;][vc_column_text]<\/p>\n<h3 class=\"p2\"><span style=\"color: #363940;\">Haftung fu\u0308r Links<\/span><\/h3>\n<p class=\"p3\"><span style=\"color: #363940;\">Unser Angebot enth\u00e4lt Links zu externen Websites Dritter, auf deren Inhalte wir keinen Einfluss haben.<\/span><\/p>\n<p class=\"p3\"><span style=\"color: #363940;\">Deshalb k\u00f6nnen wir fu\u0308r diese fremden Inhalte auch keine Gew\u00e4hr u\u0308bernehmen. Fu\u0308r die Inhalte der<\/span><\/p>\n<p class=\"p3\"><span style=\"color: #363940;\">verlinkten Seiten ist stets der jeweilige Anbieter oder Betreiber der Seiten verantwortlich. Die verlinkten<\/span><\/p>\n<p class=\"p3\"><span style=\"color: #363940;\">Seiten wurden zum Zeitpunkt der Verlinkung auf m\u00f6gliche Rechtsverst\u00f6\u00dfe u\u0308berpru\u0308ft. Rechtswidrige<\/span><\/p>\n<p class=\"p3\"><span style=\"color: #363940;\">Inhalte waren zum Zeitpunkt der Verlinkung nicht erkennbar.<\/span><\/p>\n<p class=\"p3\"><span style=\"color: #363940;\">Eine permanente inhaltliche Kontrolle der verlinkten Seiten ist jedoch ohne konkrete Anhaltspunkte einer<\/span><\/p>\n<p class=\"p3\"><span style=\"color: #363940;\">Rechtsverletzung nicht zumutbar. Bei Bekanntwerden von Rechtsverletzungen werden wir derartige Links<\/span><\/p>\n<p class=\"p3\"><span style=\"color: #363940;\">umgehend entfernen.<\/span><\/p>\n<p>[\/vc_column_text][vc_separator color=&#8220;custom&#8220; align=&#8220;align_left&#8220; el_width=&#8220;60&#8243; accent_color=&#8220;#363940&#8243;][vc_column_text]<\/p>\n<h3 class=\"p2\"><span style=\"color: #363940;\">Urheberrecht<\/span><\/h3>\n<p class=\"p3\"><span style=\"color: #363940;\">Die durch die Seitenbetreiber erstellten Inhalte und Werke auf diesen Seiten unterliegen dem deutschen<\/span><\/p>\n<p class=\"p3\"><span style=\"color: #363940;\">Urheberrecht. Die Vervielf\u00e4ltigung, Bearbeitung, Verbreitung und jede Art der Verwertung au\u00dferhalb der<\/span><\/p>\n<p class=\"p3\"><span style=\"color: #363940;\">Grenzen des Urheberrechtes bedu\u0308rfen der schriftlichen Zustimmung des jeweiligen Autors bzw.<\/span><\/p>\n<p class=\"p3\"><span style=\"color: #363940;\">Erstellers. Downloads und Kopien dieser Seite sind nur fu\u0308r den privaten, nicht kommerziellen Gebrauch<\/span><\/p>\n<p class=\"p3\"><span style=\"color: #363940;\">gestattet.<\/span><\/p>\n<p class=\"p3\"><span style=\"color: #363940;\">Soweit die Inhalte auf dieser Seite nicht vom Betreiber erstellt wurden, werden die Urheberrechte Dritter<\/span><\/p>\n<p class=\"p3\"><span style=\"color: #363940;\">beachtet. Insbesondere werden Inhalte Dritter als solche gekennzeichnet. Sollten Sie trotzdem auf eine<\/span><\/p>\n<p class=\"p3\"><span style=\"color: #363940;\">Urheberrechtsverletzung aufmerksam werden, bitten wir um einen entsprechenden Hinweis. Bei<\/span><\/p>\n<p class=\"p3\"><span style=\"color: #363940;\">Bekanntwerden von Rechtsverletzungen werden wir derartige Inhalte umgehend entfernen.<\/span><\/p>\n<p class=\"p3\"><span style=\"color: #363940;\">Quelle: <span class=\"s1\">eRecht24<\/span><\/span><\/p>\n<p>[\/vc_column_text][vc_custom_heading text=&#8220;Datenschutz&#8220; font_container=&#8220;tag:h2|font_size:30|text_align:center|color:%23363940&#8243; google_fonts=&#8220;font_family:Roboto%3A100%2C100italic%2C300%2C300italic%2Cregular%2Citalic%2C500%2C500italic%2C700%2C700italic%2C900%2C900italic|font_style:700%20bold%20regular%3A700%3Anormal&#8220;][vc_text_separator title=&#8220;&#8220; i_icon_fontawesome=&#8220;fa fa-ravelry&#8220; i_color=&#8220;custom&#8220; i_size=&#8220;sm&#8220; color=&#8220;custom&#8220; el_width=&#8220;30&#8243; add_icon=&#8220;true&#8220; i_custom_color=&#8220;rgba(54,57,64,0.3)&#8220; accent_color=&#8220;rgba(54,57,64,0.3)&#8220; css=&#8220;.vc_custom_1520783625320{margin-top: -20px !important;margin-bottom: -5px !important;}&#8220;][vc_custom_heading text=&#8220;Angaben gem\u00e4\u00df Telemediengesetz (TMG)<br \/>\n\u00a75 Allgemeine Informationspflichten&#8220; font_container=&#8220;tag:p|font_size:14|text_align:center|color:%23363940&#8243; google_fonts=&#8220;font_family:Roboto%3A100%2C100italic%2C300%2C300italic%2Cregular%2Citalic%2C500%2C500italic%2C700%2C700italic%2C900%2C900italic|font_style:400%20regular%3A400%3Anormal&#8220;][vc_empty_space height=&#8220;45px&#8220;][vc_column_text]<\/p>\n<h3 class=\"p1\"><span style=\"color: #363940;\">Datenschutz<\/span><\/h3>\n<p class=\"p2\"><span style=\"color: #363940;\">Die Betreiber dieser Seiten nehmen den Schutz Ihrer pers\u00f6nlichen Daten sehr ernst. Wir behandeln Ihre<\/span><\/p>\n<p class=\"p2\"><span style=\"color: #363940;\">personenbezogenen Daten vertraulich und entsprechend der gesetzlichen Datenschutzvorschriften sowie<\/span><\/p>\n<p class=\"p2\"><span style=\"color: #363940;\">dieser Datenschutzerkl\u00e4rung.<\/span><\/p>\n<p class=\"p2\"><span style=\"color: #363940;\">Die Nutzung unserer Website ist in der Regel ohne Angabe personenbezogener Daten m\u00f6glich. Soweit<\/span><\/p>\n<p class=\"p2\"><span style=\"color: #363940;\">auf unseren Seiten personenbezogene Daten (beispielsweise Name, Anschrift oder E-Mail-Adressen)<\/span><\/p>\n<p class=\"p2\"><span style=\"color: #363940;\">erhoben werden, erfolgt dies, soweit m\u00f6glich, stets auf freiwilliger Basis. Diese Daten werden ohne Ihre<\/span><\/p>\n<p class=\"p2\"><span style=\"color: #363940;\">ausdru\u0308ckliche Zustimmung nicht an Dritte weitergegeben.<\/span><\/p>\n<p class=\"p2\"><span style=\"color: #363940;\">Wir weisen darauf hin, dass die Datenu\u0308bertragung im Internet (z.B. bei der Kommunikation per E-Mail)<\/span><\/p>\n<p class=\"p2\"><span style=\"color: #363940;\">Sicherheitslu\u0308cken aufweisen kann. Ein lu\u0308ckenloser Schutz der Daten vor dem Zugriff durch Dritte ist nicht<\/span><\/p>\n<p class=\"p2\"><span style=\"color: #363940;\">m\u00f6glich.<\/span><\/p>\n<p>[\/vc_column_text][vc_separator color=&#8220;custom&#8220; align=&#8220;align_left&#8220; el_width=&#8220;60&#8243; accent_color=&#8220;#363940&#8243;][vc_column_text]<\/p>\n<h3 class=\"p1\"><span style=\"color: #363940;\">Cookies<\/span><\/h3>\n<p class=\"p2\"><span style=\"color: #363940;\">Die Internetseiten verwenden teilweise so genannte Cookies. Cookies richten auf Ihrem Rechner keinen<\/span><\/p>\n<p class=\"p2\"><span style=\"color: #363940;\">Schaden an und enthalten keine Viren. Cookies dienen dazu, unser Angebot nutzerfreundlicher, effektiver<\/span><\/p>\n<p class=\"p2\"><span style=\"color: #363940;\">und sicherer zu machen. Cookies sind kleine Textdateien, die auf Ihrem Rechner abgelegt werden und<\/span><\/p>\n<p class=\"p2\"><span style=\"color: #363940;\">die Ihr Browser speichert.<\/span><\/p>\n<p class=\"p2\"><span style=\"color: #363940;\">Die meisten der von uns verwendeten Cookies sind so genannte \u201eSession-Cookies\u201c. Sie werden nach<\/span><\/p>\n<p class=\"p2\"><span style=\"color: #363940;\">Ende Ihres Besuchs automatisch gel\u00f6scht. Andere Cookies bleiben auf Ihrem Endger\u00e4t gespeichert, bis<\/span><\/p>\n<p class=\"p2\"><span style=\"color: #363940;\">Sie diese l\u00f6schen. Diese Cookies erm\u00f6glichen es uns, Ihren Browser beim n\u00e4chsten Besuch<\/span><\/p>\n<p class=\"p2\"><span style=\"color: #363940;\">wiederzuerkennen.<\/span><\/p>\n<p class=\"p2\"><span style=\"color: #363940;\">Sie k\u00f6nnen Ihren Browser so einstellen, dass Sie u\u0308ber das Setzen von Cookies informiert werden und<\/span><\/p>\n<p class=\"p2\"><span style=\"color: #363940;\">Cookies nur im Einzelfall erlauben, die Annahme von Cookies fu\u0308r bestimmte F\u00e4lle oder generell<\/span><\/p>\n<p class=\"p2\"><span style=\"color: #363940;\">ausschlie\u00dfen sowie das automatische L\u00f6schen der Cookies beim Schlie\u00dfen des Browser aktivieren. Bei<\/span><\/p>\n<p class=\"p2\"><span style=\"color: #363940;\">der Deaktivierung von Cookies kann die Funktionalit\u00e4t dieser Website eingeschr\u00e4nkt sein.<\/span><\/p>\n<p>[\/vc_column_text][vc_separator color=&#8220;custom&#8220; align=&#8220;align_left&#8220; el_width=&#8220;60&#8243; accent_color=&#8220;#363940&#8243;][vc_column_text]<\/p>\n<h3 class=\"p1\"><span style=\"color: #363940;\">Server-Log-Files<\/span><\/h3>\n<p class=\"p2\"><span style=\"color: #363940;\">Der Provider der Seiten erhebt und speichert automatisch Informationen in so genannten Server-Log<\/span><\/p>\n<p class=\"p2\"><span style=\"color: #363940;\">Files, die Ihr Browser automatisch an uns u\u0308bermittelt. Dies sind:<\/span><\/p>\n<p class=\"p2\"><span style=\"color: #363940;\">Browsertyp und Browserversion<\/span><\/p>\n<p class=\"p2\"><span style=\"color: #363940;\">verwendetes Betriebssystem<\/span><\/p>\n<p class=\"p2\"><span style=\"color: #363940;\">Referrer URL<\/span><\/p>\n<p class=\"p2\"><span style=\"color: #363940;\">Hostname des zugreifenden Rechners<\/span><\/p>\n<p class=\"p2\"><span style=\"color: #363940;\">Uhrzeit der Serveranfrage<\/span><\/p>\n<p class=\"p2\"><span style=\"color: #363940;\">Diese Daten sind nicht bestimmten Personen zuordenbar. Eine Zusammenfu\u0308hrung dieser Daten mit<\/span><\/p>\n<p class=\"p2\"><span style=\"color: #363940;\">anderen Datenquellen wird nicht vorgenommen. Wir behalten uns vor, diese Daten nachtr\u00e4glich zu<\/span><\/p>\n<p class=\"p2\"><span style=\"color: #363940;\">pru\u0308fen, wenn uns konkrete Anhaltspunkte fu\u0308r eine rechtswidrige Nutzung bekannt werden.<\/span><\/p>\n<p>[\/vc_column_text][vc_separator color=&#8220;custom&#8220; align=&#8220;align_left&#8220; el_width=&#8220;60&#8243; accent_color=&#8220;#363940&#8243;][vc_column_text]<\/p>\n<h3 class=\"p1\"><span style=\"color: #363940;\">SSL-Verschlu\u0308sselung<\/span><\/h3>\n<p class=\"p2\"><span style=\"color: #363940;\">Diese Seite nutzt aus Gru\u0308nden der Sicherheit und zum Schutz der \u00dcbertragung vertraulicher Inhalte, wie<\/span><\/p>\n<p class=\"p2\"><span style=\"color: #363940;\">zum Beispiel der Anfragen, die Sie an uns als Seitenbetreiber senden, eine SSL-Verschlu\u0308sselung. Eine<\/span><\/p>\n<p class=\"p2\"><span style=\"color: #363940;\">verschlu\u0308sselte Verbindung erkennen Sie daran, dass die Adresszeile des Browsers von &#8222;http:\/\/&#8220; auf<\/span><\/p>\n<p class=\"p2\"><span style=\"color: #363940;\">&#8222;https:\/\/&#8220; wechselt und an dem Schloss-Symbol in Ihrer Browserzeile.<\/span><\/p>\n<p class=\"p2\"><span style=\"color: #363940;\">Wenn die SSL Verschlu\u0308sselung aktiviert ist, k\u00f6nnen die Daten, die Sie an uns u\u0308bermitteln, nicht von<\/span><\/p>\n<p class=\"p2\"><span style=\"color: #363940;\">Dritten mitgelesen werden.<\/span><\/p>\n<p class=\"p1\"><span style=\"color: #363940;\">Widerspruch Werbe-Mails<\/span><\/p>\n<p class=\"p2\"><span style=\"color: #363940;\">Der Nutzung von im Rahmen der Impressumspflicht ver\u00f6ffentlichten Kontaktdaten zur \u00dcbersendung von<\/span><\/p>\n<p class=\"p2\"><span style=\"color: #363940;\">nicht ausdru\u0308cklich angeforderter Werbung und Informationsmaterialien wird hiermit widersprochen. Die<\/span><\/p>\n<p class=\"p2\"><span style=\"color: #363940;\">Betreiber der Seiten behalten sich ausdru\u0308cklich rechtliche Schritte im Falle der unverlangten Zusendung<\/span><\/p>\n<p class=\"p2\"><span style=\"color: #363940;\">von Werbeinformationen, etwa durch Spam-E-Mails, vor.<\/span><\/p>\n<p class=\"p3\"><span style=\"color: #363940;\"><span class=\"s1\">Quelle: <\/span>https:\/\/www.e-recht24.de\/muster-datenschutzerklaerung.html<\/span><\/p>\n<p>[\/vc_column_text][vc_empty_space height=&#8220;70px&#8220;][\/vc_column][\/vc_row][vc_row bg_type=&#8220;bg_color&#8220; bg_override=&#8220;ex-full&#8220; bg_color_value=&#8220;#2d3035&#8243;][vc_column][vc_column_text]<\/p>\n<p style=\"text-align: center; letter-spacing: 0px; font-size: 14px;\"><span style=\"color: #e7e7e7;\">Copyright \u00a9 MasterOfTheCraft 2018<\/span><\/p>\n<p>[\/vc_column_text][vc_text_separator title=&#8220;&#8220; i_icon_fontawesome=&#8220;fa fa-ravelry&#8220; i_color=&#8220;custom&#8220; i_size=&#8220;sm&#8220; color=&#8220;custom&#8220; el_width=&#8220;30&#8243; add_icon=&#8220;true&#8220; i_custom_color=&#8220;#e7e7e7&#8243; accent_color=&#8220;#e7e7e7&#8243; css=&#8220;.vc_custom_1521014963681{margin-top: -40px !important;margin-bottom: -5px !important;}&#8220;][vc_column_text]<\/p>\n<p style=\"text-align: center;\"><span style=\"color: #676d75; font-size: 14px; letter-spacing: 0px;\">\u00a0 \u00a0 \u00a0 \u00a0 \u00a0 \u00a0 \u00a0 \u00a0 \u00a0 <a style=\"color: #676d75;\" href=\"https:\/\/masterofthecraft.de\/index.php\/landing\/impressum\/\">Impressum<\/a><\/span> <span style=\"color: #e7e7e7;\">|<\/span> <span style=\"color: #676d75;\"><a style=\"color: #676d75;\" href=\"https:\/\/mastersofthecraft.de\/index.php\/landing\/impressum\/\"><span style=\"font-size: 14px; letter-spacing: 0px;\">Haftungsausschuss<\/span><\/a><\/span><\/p>\n<p>[\/vc_column_text][\/vc_column][\/vc_row]<\/p>\n<\/section>","protected":false},"excerpt":{"rendered":"<p>[vc_row][vc_column][vc_custom_heading text=&#8220;Impressum&#8220; font_container=&#8220;tag:h2|font_size:30|text_align:center|color:%23363940&#8243; google_fonts=&#8220;font_family:Roboto%3A100%2C100italic%2C300%2C300italic%2Cregular%2Citalic%2C500%2C500italic%2C700%2C700italic%2C900%2C900italic|font_style:700%20bold%20regular%3A700%3Anormal&#8220;][vc_text_separator title=&#8220;&#8220; i_icon_fontawesome=&#8220;fa fa-ravelry&#8220; i_color=&#8220;custom&#8220; i_size=&#8220;sm&#8220; color=&#8220;custom&#8220; el_width=&#8220;30&#8243; add_icon=&#8220;true&#8220; i_custom_color=&#8220;rgba(54,57,64,0.3)&#8220; accent_color=&#8220;rgba(54,57,64,0.3)&#8220; css=&#8220;.vc_custom_1520783625320{margin-top: -20px !important;margin-bottom: -5px !important;}&#8220;][vc_custom_heading text=&#8220;Angaben gem\u00e4\u00df Telemediengesetz (TMG) \u00a75 Allgemeine Informationspflichten&#8220; font_container=&#8220;tag:p|font_size:14|text_align:center|color:%23363940&#8243; google_fonts=&#8220;font_family:Roboto%3A100%2C100italic%2C300%2C300italic%2Cregular%2Citalic%2C500%2C500italic%2C700%2C700italic%2C900%2C900italic|font_style:400%20regular%3A400%3Anormal&#8220;][vc_empty_space height=&#8220;70px&#8220;][vc_column_text] Impressum Kevin Ru\u0308ckher Silcherstra\u00dfe 3 75045 Walzbachtal &nbsp; Kontakt: Telefon: Auf Anfrage E-Mail: webmasters@kevinrueckher.de [\/vc_column_text][vc_custom_heading text=&#8220;Haftungsausschuss&#8220; font_container=&#8220;tag:h2|font_size:30|text_align:center|color:%23363940&#8243; google_fonts=&#8220;font_family:Roboto%3A100%2C100italic%2C300%2C300italic%2Cregular%2Citalic%2C500%2C500italic%2C700%2C700italic%2C900%2C900italic|font_style:700%20bold%20regular%3A700%3Anormal&#8220;][vc_text_separator title=&#8220;&#8220; i_icon_fontawesome=&#8220;fa fa-ravelry&#8220; i_color=&#8220;custom&#8220; i_size=&#8220;sm&#8220; color=&#8220;custom&#8220; el_width=&#8220;30&#8243; add_icon=&#8220;true&#8220;&hellip;<\/p>\n","protected":false},"author":1,"featured_media":0,"parent":1278,"menu_order":0,"comment_status":"closed","ping_status":"closed","template":"template-microsite.php","meta":{"footnotes":""},"class_list":["post-51652","page","type-page","status-publish","hentry","description-off"],"_links":{"self":[{"href":"https:\/\/masterofthecraft.de\/index.php\/wp-json\/wp\/v2\/pages\/51652","targetHints":{"allow":["GET"]}}],"collection":[{"href":"https:\/\/masterofthecraft.de\/index.php\/wp-json\/wp\/v2\/pages"}],"about":[{"href":"https:\/\/masterofthecraft.de\/index.php\/wp-json\/wp\/v2\/types\/page"}],"author":[{"embeddable":true,"href":"https:\/\/masterofthecraft.de\/index.php\/wp-json\/wp\/v2\/users\/1"}],"replies":[{"embeddable":true,"href":"https:\/\/masterofthecraft.de\/index.php\/wp-json\/wp\/v2\/comments?post=51652"}],"version-history":[{"count":25,"href":"https:\/\/masterofthecraft.de\/index.php\/wp-json\/wp\/v2\/pages\/51652\/revisions"}],"predecessor-version":[{"id":51750,"href":"https:\/\/masterofthecraft.de\/index.php\/wp-json\/wp\/v2\/pages\/51652\/revisions\/51750"}],"up":[{"embeddable":true,"href":"https:\/\/masterofthecraft.de\/index.php\/wp-json\/wp\/v2\/pages\/1278"}],"wp:attachment":[{"href":"https:\/\/masterofthecraft.de\/index.php\/wp-json\/wp\/v2\/media?parent=51652"}],"curies":[{"name":"wp","href":"https:\/\/api.w.org\/{rel}","templated":true}]}}